pose q*d = 3*d + 125. What is the units digit of d?
5
Let d(p) = p**2. Let j(g) = -6*g**2 - 3*g - 7. Let u(o) = -5*d(o) - j(o). What is the units digit of u(-17)?
5
Let i = 1449 - 1452. Let m(h) be the third derivative of h**5/6 - h**4/6 - 7*h**3/6 + h**2. What is the tens digit of m(i)?
9
Suppose 7*w = 5*w + 260. Let p = w + -125. Suppose 11*q - 780 = p*q. What is the units digit of q?
0
Let c be ((-6)/4)/3*0 + 1. What is the units digit of 161/(c - (3 + -3))?
1
Let d(m) = 278*m - 1. Let c be d(-1). Let a = -900 + 366. Let q = c - a. What is the tens digit of q?
5
Suppose -170*i + 123716 - 4611 = -2955. What is the hundreds digit of i?
7
Suppose -2*v + 33 = b, -14*b + 53 = 3*v - 9*b. Suppose 0 = -v*i + 8*i + 744. What is the tens digit of i?
9
Let g(t) be the first derivative of t**4/4 + 2*t**3 - t**2/2 + 18*t + 125. What is the units digit of g(-3)?
8
Suppose 10*u - 91 = -0*u - 3*u. Let i(t) be the first derivative of t**3 + 5*t**2/2 + 37*t + 1. What is the tens digit of i(u)?
1
Let p(c) be the first derivative of 25*c**2/2 - 123*c + 25. What is the tens digit of p(22)?
2
Suppose -2*m = 8, 6*m + 8 = -2*k + m. Suppose -5*q = -k*s + 2*s - 13, q + 5*s = 20. Suppose 345 = q*c + 70. What is the tens digit of c?
5
Suppose 36660 = -1907*y + 1920*y. What is the units digit of y?
0
Suppose 2*m - m - 3*h = 409, -1194 = -3*m - 2*h. What is the units digit of ((-243)/(-12))/(10/(m/3))?
0
Let y be ((-14)/(-35))/(5/(-275)). What is the tens digit of y/((24/(-22))/6) - 4?
1
What is the thousands digit of (1456/84)/(-13)*(-72198)/4?
4
Let x be 7 - (-6 - -6)/(-2). Suppose 2*y - 4*i = 400, 0 = 5*y - 10*i + x*i - 1028. What is the hundreds digit of y?
2
Let i = 21894 + 12343. What is the ten thousands digit of i?
3
Suppose -v = -3*v + 2*h - 238, h - 1 = 0. Let i = 125 + v. Suppose 0 = i*a - 0*a - 1267. What is the tens digit of a?
8
Let a = 49 - 47. Suppose -x + 240 = -3*g, -2*x = -a*g - 358 - 130. Let y = -86 + x. What is the units digit of y?
0
Let p = -145 + 145. Suppose 2*t = 4*s + 590, -3*s = -p*t - 4*t + 1200. What is the hundreds digit of t?
3
Suppose 13*z = 78138 + 303934 - 103027. What is the ten thousands digit of z?
2
Suppose 898774 + 258310 = 32*n + 30620. What is the tens digit of n?
0
Let v(w) = 19*w**3 - 3*w**2 + 9*w - 6. Let o(l) = l**2 + l - 9. Let g be o(3). What is the units digit of v(g)?
7
Suppose -64*o + k - 32505 = -65*o, -o + 4*k + 32540 = 0. What is the tens digit of o?
1
Suppose -2*l + 1132 = -220. Suppose -y - 103 = -l. What is the units digit of y?
3
Suppose 5*b - 1271 = -3*m, -2*m = -4*b - 373 + 1359. What is the hundreds digit of b?
2
Suppose -16824 + 34264 + 320480 = 176*t. What is the units digit of t?
0
Let s = 12 - 23. Let n = 39 + s. What is the units digit of 36*78/n - 4/14?
0
Suppose 0 = -111*m + 2151326 + 1244226 + 319396. What is the tens digit of m?
6
What is the tens digit of 12*(7 - (-1540)/12 - -1)?
3
Let s(v) = 39*v - 17*v - v + 11. Let c be s(13). What is the tens digit of (-8)/14 + c/7 + 5?
4
Let j(w) be the first derivative of 28*w**3/3 - 5*w**2/2 - 16*w + 21. What is the tens digit of j(-3)?
5
Suppose 5*l - 215470 = -1115. Suppose -61*n + 18*n + l = 0. What is the units digit of n?
7
Let i(b) = b**2 - 18*b + 9. Let y(c) = -c. Let m = -35 - -38. Let u(q) = m*y(q) - i(q). What is the units digit of u(12)?
7
Let x be (1010/8)/(30/120). Suppose y - x = -172. What is the tens digit of y?
3
Let t(z) = 6*z**2 - z - 4. Let g = 267 - 264. What is the units digit of t(g)?
7
Let w(g) = -51*g + 11 + 12*g + 11 + g. Let k be w(4). Let h = 239 + k. What is the hundreds digit of h?
1
Let k(g) = -g**3 - 8*g**2 - 10*g + 16. Let l be k(-6). Suppose b = -5*m + 3*b + 387, -m + l*b + 63 = 0. What is the tens digit of m?
7
Let w be 52/(7*6/189). Suppose -5*n = -n - 4*c - 468, 0 = -2*n + c + w. What is the tens digit of n?
1
Let u(o) be the first derivative of 17*o**4/2 - 37. Suppose -5*p - 15 = 2*t - 7*t, 2*t - 10 = 4*p. What is the units digit of u(t)?
4
Let g = 37 + -37. Suppose g = -3*x + 962 + 1180. What is the tens digit of x?
1
Suppose -106284 = 187*b - 497*b + 89326. What is the tens digit of b?
3
Let h(w) = 17*w - 73. Let v be h(4). What is the tens digit of (-2031)/(-15) + (-3)/v + 0?
3
Let j = 12813 - 6052. What is the tens digit of j?
6
Let d(x) = x**2 + 19*x + 5. Let i be d(-19). Suppose 5*j - i*s - 1650 = 0, -5*j - 3*s + 1662 = -2*s. What is the tens digit of j?
3
Let s(l) = -30*l + 8*l**2 - 28*l - 16 - 2*l**2 + 58*l. Suppose 4*p + p = 30. What is the units digit of s(p)?
0
Suppose 4*c + 74 = 38, 4*y + c = 120783. What is the thousands digit of y?
0
Let t be 534 - (-3 - -6)/(-1). Let z = 946 - t. What is the units digit of z?
9
Suppose 0*c - 5*c + 3*s = -64, 4*s = 5*c - 62. Suppose -c*n + 4498 = -8648. What is the tens digit of n?
3
Let n(g) = -g - 18. Let b be n(6). Let y = 294 - b. What is the tens digit of y?
1
Let r = 535 - 514. What is the units digit of 35*15*18/r?
0
Suppose 2*v + 2*l - 594 = 12342, 32324 = 5*v + l. What is the units digit of v?
4
Suppose -4*m + 3*x = 2*x - 74285, 2*m - 5*x = 37129. What is the units digit of m?
2
Let v(f) = -7951*f - 2239. What is the hundreds digit of v(-5)?
5
Let x(g) be the second derivative of 41*g**3/3 + 90*g**2 - 15*g + 2. What is the units digit of x(4)?
8
Let d(w) = w - 3. Let j be d(7). Let l = 165 + -160. Suppose -l*a + 120 = j*m - 68, -32 = -m - 5*a. What is the units digit of m?
2
Let t = -8526 - -10231. What is the hundreds digit of t?
7
Suppose 0 = 2*l - 199 - 855. What is the units digit of l/5 - 66/165?
5
Suppose 20*k - 23*k = 175*k - 2519056. What is the units digit of k?
2
Let j = -6886 + 11148. Suppose -3*f + 0*u - u = -j, -2 = -u. What is the units digit of f?
0
Let c = 27197 - -35279. What is the units digit of c?
6
What is the units digit of 1474340/280 - (1/2 - 0)?
5
Let r be (-3)/9 + 2 - (-3806)/(-66). Let o = 63 + -161. Let m = r - o. What is the units digit of m?
2
Suppose 232659 = 152*x - 4006821 - 1425560. What is the tens digit of x?
7
Let a(j) = 4*j**2 - 3*j + 1. Let w be a(2). Let i(v) = 44*v + 230. What is the hundreds digit of i(w)?
7
What is the hundreds digit of (1314/(-7))/((-3411)/567 - -6)?
8
Let t = -23 - -27. Let a(k) = 31*k + 5. Let v be a(t). Suppose 15*h + v = 18*h. What is the units digit of h?
3
Suppose 0 = -6*w - 3*w + 27. Suppose -w*n = -576 - 567. What is the units digit of n?
1
Let d = 185 + -194. What is the units digit of (-1)/2 - (1941/(-6) - d)?
4
Suppose -10*m + 36 = -4*m. Suppose 0 = -5*p - 4*v + 1124, -2*p - 928 = -m*p + 4*v. What is the hundreds digit of p?
2
Let f(a) = a**2 - 34*a - 9. Let k be f(-13). Let y = 1230 - k. What is the hundreds digit of y?
6
Suppose 5*l = -4*r + 69209, 41*l + 3*r + 41547 = 44*l. What is the tens digit of l?
4
Suppose 5*o - 26690 = -5*y, 5*y - 6436 = -2*o + 4231. What is the units digit of o?
1
Let r = 7659 + -6214. What is the hundreds digit of r?
4
What is the hundreds digit of ((-21572)/3 - (-3)/(-9))/(6/(-8))?
5
Let k be (24/(-18))/((-10)/(-15)). What is the thousands digit of (k/6)/((-2)/6)*1123?
1
Let n(i) = 0 + 173*i - 94*i - 422*i + 7. What is the units digit of n(-1)?
0
Suppose 3*q + 3*h + 1131 = 0, 5*q + 1334 = 2*h - 572. Let d be 6/3*q/4. Let p = d - -278. What is the units digit of p?
8
Suppose -190759 = -34*w + 354465. Suppose -4*p = -23*p + w. What is the tens digit of p?
4
What is the units digit of (((-1440)/42)/5 - -6)/(9/(-228249))?
8
Let d(a) = a**3 - a. Let f(x) = -6*x**3 + 15*x**2 + 36*x - 39. Let k(p) = -5*d(p) - f(p). What is the tens digit of k(19)?
9
Let g(a) = -a + 9. Let h be g(9). Suppose h = 5*d - 5*p + 50, d = -3*p + 3 + 3. What is the units digit of (6 - 2) + d + 62?
0
Let k(j) = 142*j + 123. What is the units digit of k(5)?
3
Suppose -10337 + 1013 = -9*m. Suppose 3*j - 965 - m = 0. Suppose 5*f = 2*d + j, -f - 3*d = 23 - 153. What is the tens digit of f?
3
Let c(q) = q**3 + 6*q**2 + 3. Let t be c(-6). Suppose 0 = -t*d - 5*u + 86, 3*d - d + 3*u - 58 = 0. Suppose -2*a + 68 + d = 0. What is the tens digit of a?
5
What is the units digit of (-227943)/(-22) - 6/(-4) - 174/319?
2
Let t(s) = 10*s**2 - 2*s - 13. Let u be (1 - (0 + -1))/((-160)/(-400)). What is the units digit of t(u)?
7
Let v(r) = -1663*r - 1579. What is the hundreds digit of v(-4)?
0
Let s(k) = -k**2 +